 406, 5*d - 4*w - 726 = 0. Suppose f - 160 = 3*f - 2*q, -2*f = -5*q + 169. Let u = f + d. Is u prime?
False
Suppose 3*g = -20 + 5. Let o be (-14 - -13)*g/(-1). Is (-444)/o - 1/(-5) prime?
True
Suppose -4*m = -b - 4043, 4*m + 5*b - b - 4048 = 0. Let o = -424 + m. Is o prime?
True
Let i = -756 + 1853. Is i composite?
False
Suppose -u - 9*k + 7*k = -17, -1 = k. Is u composite?
False
Suppose 26*s - 10 = 21*s. Let a(x) = -2*x**3 + 0 - 8*x - 11*x**2 - 2*x**s + 4*x**2 + 10. Is a(-7) composite?
False
Let p(q) = 2*q + 1337. Suppose 0 = 41*d - 42*d. Is p(d) a composite number?
True
Let b = 44 - 53. Let l(v) = 4*v**2 + 12*v + 5. Is l(b) a prime number?
False
Let b be (-22)/(-10) + 6/(-30). Suppose 4*w = 12, b*h - 3*w = 7*h - 45004. Is h prime?
True
Is 0 + 3 + -3 + -2 + 9269 a prime number?
False
Suppose -4*l = 16 + 8. Let s(a) = 23*a**2 + 14*a - 3. Let g(t) = -21*t**2 - 13*t + 1. Let j(m) = -7*g(m) - 6*s(m). Is j(l) prime?
True
Let y be 0 - -1*(7 + -1). Let l(u) = 4*u**2 - 10*u**2 - 2 - y*u**3 + 2*u + 7*u**2. Is l(-3) a prime number?
True
Suppose 0 = -3*w + 3*d - 1047 + 4671, d = -3*w + 3636. Is w prime?
False
Let g(v) = 24*v**2 - 4*v - 2. Let w be g(-3). Suppose r = -4, -r + 2462 + w = 4*t. Is t prime?
True
Is (-5752932)/(-32) + (4 - 165/40) a composite number?
False
Let y = 6 - -14. Let z be (-2 - y/(-12))*9. Let u(q) = -10*q - 4. Is u(z) a composite number?
True
Let a(s) = 10*s**3 - 8*s**2 - 16*s + 25. Is a(9) prime?
False
Is -4 + (-50)/(-12) + (-11636)/(-24) a composite number?
True
Let l(z) = 3*z**2 + 28*z - 86. Is l(17) composite?
True
Suppose -5*z = 2*z - 28. Is ((-4)/(-2))/z*1282 composite?
False
Suppose -5*q + 12*o - 13*o + 37252 = 0, -22359 = -3*q + 2*o. Is q prime?
True
Let x be (-90)/20*(-157 + 1). Suppose 0 = -2*y + y + x. Is 5/(15/y) + 3 a composite number?
True
Suppose -32*p = -36*p - 12. Is 3*(-532)/p + (-6)/(-2) a prime number?
False
Suppose -3*z - 104371 = 2*j - 6*j, -j - z + 26084 = 0. Is j a composite number?
True
Let l be 5*((-66)/(-15) - 4). Suppose -6*j = l*j - 1192. Is j a composite number?
False
Let u be 6/(1 - -1)*(-3)/(-3). Suppose u*r = -3*r + 7374. Is r prime?
True
Let l(p) = -8*p + 6. Let h(w) be the second derivative of -4*w**3 + 9*w**2 + w. Let d(z) = 5*h(z) - 16*l(z). Is d(5) prime?
False
Let h(o) = 4*o - 4 + 0*o - 3*o - 3*o. Let l be h(-4). Suppose -4*k + 0*k - 844 = -l*i, 16 = 4*k. Is i a prime number?
False
Suppose -43*h + 92275 = -18*h. Is h prime?
True
Let j(y) = 30*y**2 - 133*y - 29. Is j(54) a prime number?
False
Is (0 - 304313/(-8)) + 65/(-520) prime?
True
Suppose -171*f = -177*f + 14478. Is f a prime number?
False
Suppose -4*w = -2*g + w + 20, -5*w - 20 = 0. Suppose g = -h - 3*f + 97, 0 = -4*h + 3*h + 5*f + 129. Is h a prime number?
True
Suppose -5*k + o = -10471, 2*k + 3*k - 2*o = 10467. Let w = 3242 - k. Is w prime?
False
Let p = -9 + 862. Let z = -444 + p. Is z composite?
False
Suppose -6*c + 3*j = -c - 32, j - 8 = -3*c. Let y be (-26271)/(-18) - (-6)/4. Suppose -s - y = -c*s. Is s prime?
True
Suppose -s - 3*o + 23 = 0, -5*o = -4*s + 8 - 1. Suppose j = -s + 11. Suppose -2*c + 1270 = j*c. Is c prime?
False
Suppose 195*b - 150683 = 182*b. Is b composite?
True
Suppose -4*c + 2*i = -17642, -4*c - i + 5*i + 17640 = 0. Is c prime?
False
Let y(d) = d**3 + 6*d**2 + 6*d + 5. Let i be y(-5). Suppose -7*v - 369 + 2287 = 0. Suppose i = 2*k - v - 396. Is k a composite number?
True
Is 6/2 + (-34307)/(-29) composite?
True
Let v(o) = 3*o**2 - 11*o - 7. Let q(f) = -f**2 + 5*f + 3. Let l(i) = 5*q(i) + 2*v(i). Suppose 5*w = 15, -4*w + 3 = -2*x + 9. Is l(x) a composite number?
False
Let h = 11831 + -6534. Is h a composite number?
False
Let l be -2*(-3)/(-6) - -18. Suppose l*f = 13*f + 1052. Is f a composite number?
False
Suppose -61 = -4*x + 5*b, -7*x + 3*x + 3*b = -51. Let r = x - 11. Let l(n) = -4*n - 2. Is l(r) a prime number?
False
Is (0 - 33)/((-51)/19567) a prime number?
False
Suppose 0 = 5*y - p - 51501, 89*p - 30915 = -3*y + 86*p. Is y a composite number?
False
Suppose 20471 = 3*q - 10474. Is q composite?
True
Is (-8 + 964)/((-1)/(-1)) + -3 prime?
True
Suppose -2*z = -7*z - 3*k + 27, -k = -z + 7. Is (3*(-2212)/18)/(z/(-9)) a composite number?
True
Suppose 5*z + 18 = 2*z. Let v be (23440/z)/(1/(-6)). Is ((-2)/10)/((-16)/v) composite?
False
Suppose -2068 - 195872 = -12*m. Is m a composite number?
True
Let y(d) = -159*d**3 - d**2 + 2*d + 5. Is y(-3) a composite number?
False
Is (4/(-18))/(32/(-1441008)) a prime number?
True
Suppose 0 = -4*u + g + 257729, -3*g - 235453 = -4*u + 22270. Is u a composite number?
False
Let j be -5 + (2 - 15) - -2. Let s = 15 - 27. Is 254*2*s/j a prime number?
False
Let u(q) = q**3 - 5*q**2 + 5*q - 3. Let w be u(4). Is 1 - (w + 1 + -1040) a composite number?
False
Let m(z) = 216*z**2 + 2*z + 1. Let a be m(1). Suppose 1089 = 5*d - 4*c - 0*c, 0 = -d + 2*c + a. Is d a composite number?
True
Let l be 0*5/(-20)*1. Suppose l = -7*u + u + 966. Is u composite?
True
Suppose -25 = 18*x - 23*x. Suppose -4*m = -2*m - x*o - 779, 3*o + 789 = 2*m. Let j = -241 + m. Is j composite?
True
Let j(z) = -z**3 - 7*z**2 + 6*z - 11. Let w be j(-8). Suppose 2*m + 3 = -p + 7, -m - w*p = -11. Is (4/(-6))/(m/(-6)) a prime number?
False
Let n = -15978 - -58313. Is n a composite number?
True
Let g(j) = -2*j**2 + 4*j. Let a be g(3). Let r(d) = -d**3 - 4*d**2 + 5*d - 2. Let i be r(-5). Is ((-92)/a)/(i/(-21)) composite?
True
Suppose 126*n - 41410 = 128*n. Let d = -14662 - n. Is d a composite number?
False
Let z = 65991 + -41300. Is z a composite number?
False
Let k be (24/(-36))/(1/(-45)). Is (k/(-18))/(3/(-11241)*1) a composite number?
True
Let w(f) = 6*f**2 + 9*f + 1. Let o(v) = 4*v + 36. Let g be o(-6). Is w(g) a prime number?
False
Suppose 0 = -5*y - 2 + 22. Suppose -y*m + 2*m = -1394. Is m prime?
False
Let l(u) = -u**2 - 15*u + 2. Let r be l(-15). Let q(c) = -974*c**3 - c**2 + c + 1. Let g be q(-1). Suppose r*a - 5*v = 5*a - g, 3*v = -12. Is a prime?
True
Is 12979*(2/4*2 - 0) composite?
False
Suppose -5*u - 28*o + 24*o + 381891 = 0, -3*u + 229142 = -5*o. Is u a prime number?
True
Suppose -11501 = 5*i - 79601. Is (i/35)/1 + 2/(-14) prime?
True
Let o(d) = 2430*d**3 - 2*d**2 + 12*d - 11. Is o(1) prime?
False
Let a = 9 + -8. Is -2 + 0/a + 187 a prime number?
False
Let f = 9772 + -1281. Is f composite?
True
Let u(g) = 776*g + 73. Is u(5) prime?
False
Is (1616 - -35) + -2 + 8 a composite number?
False
Suppose 6*o - 10*o = -16. Let b = o - 8. Is (-2)/b - 3844/(-8) prime?
False
Suppose 10*v - 30 = 5*v. Let k be (1 + 2)/(v/890). Suppose 9*u - k = 4*u. Is u a prime number?
True
Is -2*232/32*-62 composite?
True
Is ((-2087)/1 + 1)/((-14)/7) prime?
False
Let d = 168 - 103. Is 141255/d + 6 - (-2)/(-13) a prime number?
True
Suppose r = 651 + 39. Is r/40*20/3 a prime number?
False
Let x = 5741 + -3896. Let a = x + 884. Is a prime?
True
Suppose 0 = -78*b + 97*b - 115235. Is b a prime number?
False
Suppose -b = 4*n - 8, 4*b + b = -20. Let u(j) = -j**3 + 3*j**2 + j + 2. Let m be u(n). Let l(o) = 2*o**3 - 5*o**2 - 6*o - 6. Is l(m) a composite number?
False
Suppose 269304 = 16*k - 342872. Is k a prime number?
True
Let h(w) = w**3 + 6*w**2 + 3*w - 7. Let i be h(-5). Suppose i*t = 1 + 11. Suppose t*m - 219 = b, m = -3*m + 5*b + 215. Is m composite?
True
Let s be 3/2*(-1 - -7). Is (142/(-3))/((-6)/s) a prime number?
True
Let b be 290 - 1*3*(-4)/12. Suppose m + 194 = -2*x - 0*x, -3*x = 3*m + 573. Let y = b + m. Is y composite?
False
Is 98349/11 + (-82)/(-451) composite?
False
Let o(i) = i**3 + 4*i**2 - 8*i + 2. Let y(d) = -5 + 23*d - 11*d + 3*d + 2*d**3 - 4*d**3 - 9*d**2. Let n(q) = 5*o(q) + 3*y(q). Is n(-8) prime?
True
Suppose -34*x + 45*x - 36839 = 0. Is x a prime number?
False
Let v(q) = q**2 - 14*q - 7. Let l be -12*(-3 - (-2)/1). Let o be v(l). Let t = 96 - o. Is t prime?
True
Let p be 7/(-28) + 5826/8. Suppose 0*z - z = -4*k + 2931, k - p = 5*z. Is k a prime number?
True
Let s(v) = -5*v + 34. Let x be s(6). Suppose 3*n - 7891 = 4*p, 0 = 6*n - x*n + 2*p - 5270. Is n prime?
True
Suppose -3*m + 2*m = -12. Suppose -2*y + m - 6 = 0. Suppose -y*n = -184 - 77. Is n a prime number?
False
Suppose 2*m - 1680 = -4*j, j + 4*m + 420 = 2*j. Let s(b) = -7*b**3 + 2*b**2 + 3*b - 1. Let p be s(-3). Let n = j - p. Is n a composite number?
False
Let i = -577 